111001
In base 9, what is -4 - 80056?
-80061
In base 10, what is 0 + -2244?
-2244
In base 10, what is -6546713 - 2?
-6546715
In base 5, what is -13220222 + 4?
-13220213
In base 9, what is 477 - 2?
475
In base 12, what is 1128 - -1?
1129
In base 16, what is b3 + -1b15?
-1a62
In base 12, what is -2a68 + 79?
-29ab
In base 4, what is -3 - -13130012?
13130003
In base 3, what is -211 + -10112222?
-10120210
In base 15, what is -2 + 2ec?
2ea
In base 12, what is 4 + 2177?
217b
In base 13, what is 4 + 4937?
493b
In base 2, what is 100100 + -101001111011001?
-101001110110101
In base 6, what is -4 - -523054?
523050
In base 13, what is 6 + -7b757?
-7b751
In base 7, what is -5201 - 13?
-5214
In base 12, what is 2a58a - -10?
2a59a
In base 8, what is 106066 + -2?
106064
In base 10, what is -774989 + 5?
-774984
In base 2, what is 100100110110 - 0?
100100110110
In base 15, what is -1e78 - 23?
-1e9b
In base 11, what is -19 + 460a6?
46088
In base 14, what is -777 + bb?
-69a
In base 2, what is 111011 - 1010110011101011?
-1010110010110000
In base 14, what is -4 + da69?
da65
In base 2, what is 1 - 100000011100010?
-100000011100001
In base 12, what is 7a0931 - -4?
7a0935
In base 6, what is -3005321 - 3?
-3005324
In base 12, what is -7522 + 21?
-7501
In base 3, what is 111022102 + 100?
111022202
In base 3, what is -12 - 222010101200?
-222010101212
In base 8, what is -17672 + -16?
-17710
In base 10, what is 222 + -30?
192
In base 4, what is 121023 + 123?
121212
In base 8, what is 2 - 121376?
-121374
In base 2, what is 100100000001100 - 1010010?
100011110111010
In base 12, what is -905 - -926?
21
In base 12, what is -2a9121 + 1?
-2a9120
In base 9, what is -121 + -537?
-658
In base 11, what is -18 + -142858?
-142875
In base 6, what is -11540245 + 2?
-11540243
In base 6, what is 23 - -1531033?
1531100
In base 15, what is -46 + 4?
-42
In base 7, what is -1610462 + 0?
-1610462
In base 2, what is 101 - 111001100000?
-111001011011
In base 8, what is -75 - 1015?
-1112
In base 10, what is -20 - 2183?
-2203
In base 11, what is -20271 + 14?
-20258
In base 10, what is 81386 + 25?
81411
In base 9, what is 74 + 138?
223
In base 7, what is 121 - 300611?
-300460
In base 9, what is 380 + -67?
312
In base 5, what is -11002 + 113?
-10334
In base 16, what is -7 - -17f6?
17ef
In base 2, what is 1 + 1000110111001010?
1000110111001011
In base 4, what is 10 - 31301030?
-31301020
In base 14, what is -26d - -179?
-d4
In base 2, what is 111111 + -111011011001010?
-111011010001011
In base 2, what is 1111 - -1101101000000101?
1101101000010100
In base 6, what is -1140 - 1144?
-2324
In base 11, what is 37 - 2?
35
In base 4, what is 102020231 - 1?
102020230
In base 13, what is -38b2 - 5?
-38b7
In base 16, what is -2 + -448?
-44a
In base 10, what is 8 - 12638?
-12630
In base 14, what is 1813d + 4?
18143
In base 12, what is -13 - a69?
-a80
In base 6, what is 1 - 3203234?
-3203233
In base 6, what is 14 - -50142?
50200
In base 12, what is -27 + -1117?
-1142
In base 13, what is -3505 + -1?
-3506
In base 15, what is -9b - 1a5?
-251
In base 14, what is -225 - -529c?
5077
In base 4, what is -11 + 2023331020?
2023331003
In base 3, what is 20120202211 - -112?
20120210100
In base 16, what is -b5ec8 + 0?
-b5ec8
In base 8, what is 362 - -750?
1332
In base 11, what is 4 + -21126?
-21122
In base 16, what is 493 + -f5?
39e
In base 9, what is -1315 + 340?
-865
In base 11, what is -374 - -101?
-273
In base 8, what is 1 - -410743?
410744
In base 11, what is a21467 + 0?
a21467
In base 3, what is 1102022 + 200012?
2002111
In base 3, what is -220002002220211 - 0?
-220002002220211
In base 16, what is -9 + 5ad?
5a4
In base 8, what is 11614 - -1?
11615
In base 5, what is -43202 + -33?
-43240
In base 5, what is 10 - -1041124?
1041134
In base 10, what is 1063 - -4621?
5684
In base 10, what is -71221 + 1?
-71220
In base 7, what is -333 + -4310?
-4643
In base 7, what is 13 + -5512?
-5466
In base 15, what is -12510 + 10?
-12500
In base 7, what is -101343 + 2?
-101341
In base 13, what is -3294 - 1?
-3295
In base 15, what is 476c7 + 5?
476cc
In base 4, what is 3 + 1103013020?
1103013023
In base 12, what is -385a + -155?
-39b3
In base 16, what is -2387f + -4?
-23883
In base 16, what is 2 + -1b2b3?
-1b2b1
In base 12, what is -14159 + -3?
-14160
In base 11, what is 0 + 7789?
7789
In base 3, what is 122 + 2102112120?
2102120012
In base 11, what is 133 + 714?
847
In base 7, what is -604 - 2603?
-3510
In base 9, what is 160115 + 3?
160118
In base 14, what is 85 + 37bc?
3863
In base 9, what is 4 + 853?
857
In base 14, what is -8a5b + -33?
-8a90
In base 4, what is -1223201211 + -11?
-1223201222
In base 6, what is 1032 + 342?
1414
In base 10, what is 570 - -55?
625
In base 9, what is 26 + -2610?
-2573
In base 14, what is 44 + 5829?
586d
In base 4, what is 22102213 - -1?
22102220
In base 7, what is -103053 - 15?
-103101
In base 16, what is -6f4d - -4?
-6f49
In base 14, what is -2009c + 5?
-20097
In base 9, what is 0 - 41545?
-41545
In base 8, what is 3 + 2414120?
2414123
In base 11, what is 353 + 79?
421
In base 7, what is 31 + 4623?
4654
In base 3, what is 11 - -2102012211?
2102012222
In base 15, what is -2a4 - 1bc?
-471
In base 3, what is 1 + -112002112?
-112002111
In base 6, what is 204 - 1150?
-542
In base 13, what is a - 20?
-13
In base 9, what is 4 + -362116?
-362112
In base 12, what is 355 + 1331?
1686
In base 2, what is -10010101 + -10001111010?
-10100001111
In base 6, what is -203 + -2540?
-3143
In base 11, what is -30 + -66?
-96
In base 4, what is 31 + 2320?
3011
In base 2, what is -110010001 + -10100110111001?
-10101101001010
In base 13, what is -3 - -30014?
30011
In base 2, what is -10110111110010111 - 0?
-10110111110010111
In base 8, what is 35 - -3?
40
In base 6, what is 31 - 525123?
-525052
In base 12, what is 3414 - 56?
337a
In base 11, what is -252a3 + -9?
-25301
In base 10, what is 42445 - -30?
42475
In base 5, what is 13234 + 1?
13240
In base 13, what is -4 - -4377?
4373
In base 15, what is -283b - -4d?
-27dd
In base 3, what is 200121 + -10120?
120001
In base 16, what is -15 + 1fc6?
1fb1
In base 6, what is 1 + 3053430?
3053431
In base 7, what is -36 - -1320?
1251
In base 15, what is -1 - -15634?
15633
In base 6, what is 5313 - 111?
5202
In base 15, what is -6eb - -10?
-6db
In base 6, what is -3 + 3555?
3552
In base 3, what is -21110011 + 200?
-21102111
In base 4, what is 1222321 + 112?
1223033
In base 10, what is -4 - 38785?
-38789
In base 6, what is -2 - 1304145?
-1304151
In base 4, what is 3210022101 + -11?
3210022030
In base 8, what is -1007 - -1410?
401
In base 3, what is -1 + 11121112002?
11121112001
In base 11, what is 7660a3 + -4?
76609a
In base 14, what is -125b468 + 0?
-125b468
In base 16, what is 1a - -155?
16f
In base 3, what is 1001220211100 - 1?
1001220211022
In base 7, what is 130 - 3303?
-3143
In base 8, what is 302037 + 0?
302037
In base 9, what is 1 + 17701?
17702
In base 8, what is -4 - -5012142?
5012136
In base 14, what is -5 + -2103a7?
-2103ac
In base 2, what is 11101111011011111 + 11?
11101111011100010
In base 10, what is 124432 - 0?
124432
In base 12, what is 6a + -10936?
-10888
In base 15, what is -4 - -75cb?
75c7
In base 14, what is -c2 - 2d5?
-3b7
In base 5, what is -140324 + 31?
-140243
In base 11, what is -13a - -10a30?
108a1
In base 4, what is 100022212 - 110?
100022102
In base 12, what is 255827 - 3?
255824
In base 9, what is -5 + -517110?
-517115
In base 2, what is 1001111111011010 - 10111?
1001111111000011
In base 8, what is -130 + 211?
61
In base 15, what is b4 - -1928?
19dc
In base 4, what is 1223221120 + -1?
1223221113
In base 6, what is -21 - -2440511?
2440450
In base 7, what is -2 - 15421?
-15423
In base 3, what is -111 - 20220002?
-20220120
In base 15, what is 2d496d - 2?
2d496b
In base 9, what is 80 + 4341?
4431
In base 2, what is -10010110 + 11000001?
101011
In base 6, what is 0 + -452223?
-452223
In base 14, what is 23b71b + -5?
23b716
In base 12, what is 117a + b4?
1272
In base 10, what is -340126 - 2?
-340128
In base 14, what is 150b - -1b9?
16c6
In base 12, what is -846 - -103?
-743
In base 11, what is -10 - 145?
-155
In base 15, what is -59e2 - -2?
-59e0
In base 12, what is -1 - b7310?
-b7311
In base 16, what is -f88 - 14?
-f9c
In base 7, what is -10 + 5522?
5512
In base 6, 